{"id":152,"date":"2025-12-18T08:49:57","date_gmt":"2025-12-18T07:49:57","guid":{"rendered":"https:\/\/gieleo.bplaced.net\/kroatien\/?page_id=152"},"modified":"2025-12-18T08:49:57","modified_gmt":"2025-12-18T07:49:57","slug":"istrien","status":"publish","type":"page","link":"https:\/\/gieleo.bplaced.net\/kroatien\/istrien\/","title":{"rendered":"Istrien"},"content":{"rendered":"\n<div class=\"wp-block-group alignfull\" style=\"margin-top:0;margin-bottom:0\"><div class=\"wp-block-group__inner-container is-layout-constrained wp-block-group-is-layout-constrained\">\n<div class=\"wp-block-group alignwide is-layout-grid wp-container-core-group-is-layout-6dbf1d5c wp-block-group-is-layout-grid\" style=\"padding-top:var(--wp--preset--spacing--50);padding-bottom:var(--wp--preset--spacing--50)\">\n<h2 class=\"wp-block-heading has-base-color has-text-color has-link-color wp-elements-e524643bbb3e59e8ade815c812ea9c96 wp-container-content-5fd69529\">Willkommen bei meiner Seite \u00fcber Istrien <\/h2>\n\n\n\n<div class=\"wp-block-group is-vertical is-content-justification-stretch is-nowrap is-layout-flex wp-container-core-group-is-layout-0fd27360 wp-block-group-is-layout-flex\">\n<div class=\"wp-block-group has-base-color has-text-color has-link-color wp-elements-0068476c15ccb5036ee9d969e1617bb7 is-vertical is-content-justification-left is-layout-flex wp-container-core-group-is-layout-c0ca7d81 wp-block-group-is-layout-flex\">\n<h2 class=\"wp-block-heading\">Istrien \u2013 Mediterraner Charme an der Adria<\/h2>\n\n\n\n<p>Istrien ist eine Halbinsel im Norden Kroatiens und z\u00e4hlt zu den beliebtesten Urlaubsregionen an der Adria. Die Region verbindet mediterranes Lebensgef\u00fchl mit einer reichen Geschichte, beeindruckender Natur und einer vielseitigen K\u00fcche.\t\t\t<\/p>\n<\/div>\n\n\n\n<figure data-spectra-id=\"spectra-61a98207-b1c2-4786-9b45-949f7fb8f9cf\" class=\"wp-block-image size-full\"><img loading=\"lazy\" decoding=\"async\" width=\"612\" height=\"408\" src=\"https:\/\/gieleo.bplaced.net\/kroatien\/wp-content\/uploads\/2025\/12\/istockphoto-995056048-612x612-1.jpg\" alt=\"\" class=\"wp-image-153\" srcset=\"https:\/\/gieleo.bplaced.net\/kroatien\/wp-content\/uploads\/2025\/12\/istockphoto-995056048-612x612-1.jpg 612w, https:\/\/gieleo.bplaced.net\/kroatien\/wp-content\/uploads\/2025\/12\/istockphoto-995056048-612x612-1-300x200.jpg 300w\" sizes=\"auto, (max-width: 612px) 100vw, 612px\" \/><figcaption class=\"wp-element-caption\">Zlatne Stijene stone beach in Pula view, Istria region of Croatia<\/figcaption><\/figure>\n<\/div>\n\n\n\n<div class=\"wp-block-group\"><div class=\"wp-block-group__inner-container is-layout-constrained wp-block-group-is-layout-constrained\">\n<h3 class=\"wp-block-heading has-base-color has-text-color has-link-color wp-elements-5bfc4e57c89d3bb78517d3c2065a8c0f\">Landschaft &amp; Natur<\/h3>\n\n\n\n<p class=\"has-base-color has-text-color has-link-color wp-elements-ffc1fee0c9d114d6bc8e4ddcf3b39a82\">Die K\u00fcste Istriens ist gepr\u00e4gt von kristallklarem Wasser, Fels- und Kiesstr\u00e4nden sowie kleinen Buchten. Im Landesinneren finden sich gr\u00fcne H\u00fcgel, Olivenhaine, Weinberge und malerische D\u00f6rfer. Besonders bekannt sind der Naturpark U\u010dka und das Mirna-Tal.<\/p>\n\n\n\n<figure data-spectra-id=\"spectra-996ab805-924a-4517-98ec-6ccfef9c925f\" class=\"wp-block-image size-full\"><img loading=\"lazy\" decoding=\"async\" width=\"474\" height=\"316\" src=\"https:\/\/gieleo.bplaced.net\/kroatien\/wp-content\/uploads\/2025\/12\/OIP.webp\" alt=\"\" class=\"wp-image-158\" srcset=\"https:\/\/gieleo.bplaced.net\/kroatien\/wp-content\/uploads\/2025\/12\/OIP.webp 474w, https:\/\/gieleo.bplaced.net\/kroatien\/wp-content\/uploads\/2025\/12\/OIP-300x200.webp 300w\" sizes=\"auto, (max-width: 474px) 100vw, 474px\" \/><\/figure>\n<\/div><\/div>\n\n\n\n<div class=\"wp-block-group\"><div class=\"wp-block-group__inner-container is-layout-constrained wp-block-group-is-layout-constrained\">\n<h4 class=\"wp-block-heading has-base-color has-text-color has-link-color wp-elements-d69691684ed4884844becc2a0ea8c08f\">Lage &amp; Erreichbarkeit<\/h4>\n\n\n\n<p class=\"has-base-color has-text-color has-link-color wp-elements-8b5dab188522a6ce7c52615d730445c9\">Istrien liegt zwischen der Kvarner Bucht und dem Golf von Triest. Durch die N\u00e4he zu \u00d6sterreich, Deutschland und Italien ist die Region bequem mit dem Auto erreichbar. Zus\u00e4tzlich gibt es einen internationalen Flughafen in Pula<\/p>\n\n\n\n<figure class=\"wp-block-gallery has-nested-images columns-default is-cropped wp-block-gallery-1 is-layout-flex wp-block-gallery-is-layout-flex\">\n<figure data-spectra-id=\"spectra-7f485fcd-8740-435c-8cb5-175d6058045a\" class=\"wp-block-image size-large\"><img loading=\"lazy\" decoding=\"async\" width=\"960\" height=\"640\" data-id=\"154\" src=\"https:\/\/gieleo.bplaced.net\/kroatien\/wp-content\/uploads\/2025\/12\/GettyImages-1370335149_rs.webp\" alt=\"\" class=\"wp-image-154\" srcset=\"https:\/\/gieleo.bplaced.net\/kroatien\/wp-content\/uploads\/2025\/12\/GettyImages-1370335149_rs.webp 960w, https:\/\/gieleo.bplaced.net\/kroatien\/wp-content\/uploads\/2025\/12\/GettyImages-1370335149_rs-300x200.webp 300w, https:\/\/gieleo.bplaced.net\/kroatien\/wp-content\/uploads\/2025\/12\/GettyImages-1370335149_rs-768x512.webp 768w\" sizes=\"auto, (max-width: 960px) 100vw, 960px\" \/><\/figure>\n<\/figure>\n<\/div><\/div>\n\n\n\n<div class=\"wp-block-buttons is-layout-flex wp-block-buttons-is-layout-flex\">\n<div class=\"wp-block-button\"><a class=\"wp-block-button__link wp-element-button\" href=\"https:\/\/de.wikipedia.org\/wiki\/Istrien\" target=\"_blank\" rel=\"noreferrer noopener nofollow\">Istrien<\/a><\/div>\n<\/div>\n<\/div>\n<\/div><\/div>\n\n\n\n<p><\/p>\n","protected":false},"excerpt":{"rendered":"<p>Willkommen bei meiner Seite \u00fcber Istrien Istrien \u2013 Mediterraner Charme an der Adria Istrien ist eine Halbinsel im Norden Kroatiens und z\u00e4hlt zu den beliebtesten Urlaubsregionen an der Adria. Die Region verbindet mediterranes Lebensgef\u00fchl mit einer reichen Geschichte, beeindruckender Natur und einer vielseitigen K\u00fcche. Landschaft &amp; Natur Die K\u00fcste Istriens ist gepr\u00e4gt von kristallklarem Wasser, [&hellip;]<\/p>\n","protected":false},"author":1,"featured_media":19,"parent":0,"menu_order":0,"comment_status":"closed","ping_status":"closed","template":"","meta":{"_uag_custom_page_level_css":"","footnotes":""},"class_list":["post-152","page","type-page","status-publish","has-post-thumbnail","hentry"],"uagb_featured_image_src":{"full":["https:\/\/gieleo.bplaced.net\/kroatien\/wp-content\/uploads\/2025\/11\/arenapula.jpg",2560,1271,false],"thumbnail":["https:\/\/gieleo.bplaced.net\/kroatien\/wp-content\/uploads\/2025\/11\/arenapula-150x150.jpg",150,150,true],"medium":["https:\/\/gieleo.bplaced.net\/kroatien\/wp-content\/uploads\/2025\/11\/arenapula-300x149.jpg",300,149,true],"medium_large":["https:\/\/gieleo.bplaced.net\/kroatien\/wp-content\/uploads\/2025\/11\/arenapula-768x381.jpg",768,381,true],"large":["https:\/\/gieleo.bplaced.net\/kroatien\/wp-content\/uploads\/2025\/11\/arenapula-1024x508.jpg",1024,508,true],"1536x1536":["https:\/\/gieleo.bplaced.net\/kroatien\/wp-content\/uploads\/2025\/11\/arenapula-1536x763.jpg",1536,763,true],"2048x2048":["https:\/\/gieleo.bplaced.net\/kroatien\/wp-content\/uploads\/2025\/11\/arenapula-2048x1017.jpg",2048,1017,true],"woocommerce_thumbnail":["https:\/\/gieleo.bplaced.net\/kroatien\/wp-content\/uploads\/2025\/11\/arenapula-300x300.jpg",300,300,true],"woocommerce_single":["https:\/\/gieleo.bplaced.net\/kroatien\/wp-content\/uploads\/2025\/11\/arenapula.jpg",600,298,false],"woocommerce_gallery_thumbnail":["https:\/\/gieleo.bplaced.net\/kroatien\/wp-content\/uploads\/2025\/11\/arenapula-100x100.jpg",100,100,true]},"uagb_author_info":{"display_name":"Leon Gietler","author_link":"https:\/\/gieleo.bplaced.net\/kroatien\/author\/gietler\/"},"uagb_comment_info":0,"uagb_excerpt":"Willkommen bei meiner Seite \u00fcber Istrien Istrien \u2013 Mediterraner Charme an der Adria Istrien ist eine Halbinsel im Norden Kroatiens und z\u00e4hlt zu den beliebtesten Urlaubsregionen an der Adria. Die Region verbindet mediterranes Lebensgef\u00fchl mit einer reichen Geschichte, beeindruckender Natur und einer vielseitigen K\u00fcche. Landschaft &amp; Natur Die K\u00fcste Istriens ist gepr\u00e4gt von kristallklarem Wasser,&hellip;","_links":{"self":[{"href":"https:\/\/gieleo.bplaced.net\/kroatien\/wp-json\/wp\/v2\/pages\/152","targetHints":{"allow":["GET"]}}],"collection":[{"href":"https:\/\/gieleo.bplaced.net\/kroatien\/wp-json\/wp\/v2\/pages"}],"about":[{"href":"https:\/\/gieleo.bplaced.net\/kroatien\/wp-json\/wp\/v2\/types\/page"}],"author":[{"embeddable":true,"href":"https:\/\/gieleo.bplaced.net\/kroatien\/wp-json\/wp\/v2\/users\/1"}],"replies":[{"embeddable":true,"href":"https:\/\/gieleo.bplaced.net\/kroatien\/wp-json\/wp\/v2\/comments?post=152"}],"version-history":[{"count":5,"href":"https:\/\/gieleo.bplaced.net\/kroatien\/wp-json\/wp\/v2\/pages\/152\/revisions"}],"predecessor-version":[{"id":161,"href":"https:\/\/gieleo.bplaced.net\/kroatien\/wp-json\/wp\/v2\/pages\/152\/revisions\/161"}],"wp:featuredmedia":[{"embeddable":true,"href":"https:\/\/gieleo.bplaced.net\/kroatien\/wp-json\/wp\/v2\/media\/19"}],"wp:attachment":[{"href":"https:\/\/gieleo.bplaced.net\/kroatien\/wp-json\/wp\/v2\/media?parent=152"}],"curies":[{"name":"wp","href":"https:\/\/api.w.org\/{rel}","templated":true}]}}

<div class="wp-block-group alignfull" style="margin-top:0;margin-bottom:0"><div class="wp-block-group__inner-container is-layout-constrained wp-block-group-is-layout-constrained">
<div class="wp-block-group alignwide is-layout-grid wp-container-core-group-is-layout-6dbf1d5c wp-block-group-is-layout-grid" style="padding-top:var(--wp--preset--spacing--50);padding-bottom:var(--wp--preset--spacing--50)">
<h2 class="wp-block-heading has-base-color has-text-color has-link-color wp-elements-e524643bbb3e59e8ade815c812ea9c96 wp-container-content-5fd69529">Willkommen bei meiner Seite über Istrien </h2>



<div class="wp-block-group is-vertical is-content-justification-stretch is-nowrap is-layout-flex wp-container-core-group-is-layout-0fd27360 wp-block-group-is-layout-flex">
<div class="wp-block-group has-base-color has-text-color has-link-color wp-elements-0068476c15ccb5036ee9d969e1617bb7 is-vertical is-content-justification-left is-layout-flex wp-container-core-group-is-layout-c0ca7d81 wp-block-group-is-layout-flex">
<h2 class="wp-block-heading">Istrien – Mediterraner Charme an der Adria</h2>



<p>Istrien ist eine Halbinsel im Norden Kroatiens und zählt zu den beliebtesten Urlaubsregionen an der Adria. Die Region verbindet mediterranes Lebensgefühl mit einer reichen Geschichte, beeindruckender Natur und einer vielseitigen Küche.			</p>
</div>



<figure data-spectra-id="spectra-61a98207-b1c2-4786-9b45-949f7fb8f9cf" class="wp-block-image size-full"><img loading="lazy" decoding="async" width="612" height="408" src="https://gieleo.bplaced.net/kroatien/wp-content/uploads/2025/12/istockphoto-995056048-612x612-1.jpg" alt="" class="wp-image-153" srcset="https://gieleo.bplaced.net/kroatien/wp-content/uploads/2025/12/istockphoto-995056048-612x612-1.jpg 612w, https://gieleo.bplaced.net/kroatien/wp-content/uploads/2025/12/istockphoto-995056048-612x612-1-300x200.jpg 300w" sizes="auto, (max-width: 612px) 100vw, 612px" /><figcaption class="wp-element-caption">Zlatne Stijene stone beach in Pula view, Istria region of Croatia</figcaption></figure>
</div>



<div class="wp-block-group"><div class="wp-block-group__inner-container is-layout-constrained wp-block-group-is-layout-constrained">
<h3 class="wp-block-heading has-base-color has-text-color has-link-color wp-elements-5bfc4e57c89d3bb78517d3c2065a8c0f">Landschaft &amp; Natur</h3>



<p class="has-base-color has-text-color has-link-color wp-elements-ffc1fee0c9d114d6bc8e4ddcf3b39a82">Die Küste Istriens ist geprägt von kristallklarem Wasser, Fels- und Kiesstränden sowie kleinen Buchten. Im Landesinneren finden sich grüne Hügel, Olivenhaine, Weinberge und malerische Dörfer. Besonders bekannt sind der Naturpark Učka und das Mirna-Tal.</p>



<figure data-spectra-id="spectra-996ab805-924a-4517-98ec-6ccfef9c925f" class="wp-block-image size-full"><img loading="lazy" decoding="async" width="474" height="316" src="https://gieleo.bplaced.net/kroatien/wp-content/uploads/2025/12/OIP.webp" alt="" class="wp-image-158" srcset="https://gieleo.bplaced.net/kroatien/wp-content/uploads/2025/12/OIP.webp 474w, https://gieleo.bplaced.net/kroatien/wp-content/uploads/2025/12/OIP-300x200.webp 300w" sizes="auto, (max-width: 474px) 100vw, 474px" /></figure>
</div></div>



<div class="wp-block-group"><div class="wp-block-group__inner-container is-layout-constrained wp-block-group-is-layout-constrained">
<h4 class="wp-block-heading has-base-color has-text-color has-link-color wp-elements-d69691684ed4884844becc2a0ea8c08f">Lage &amp; Erreichbarkeit</h4>



<p class="has-base-color has-text-color has-link-color wp-elements-8b5dab188522a6ce7c52615d730445c9">Istrien liegt zwischen der Kvarner Bucht und dem Golf von Triest. Durch die Nähe zu Österreich, Deutschland und Italien ist die Region bequem mit dem Auto erreichbar. Zusätzlich gibt es einen internationalen Flughafen in Pula</p>



<figure class="wp-block-gallery has-nested-images columns-default is-cropped wp-block-gallery-1 is-layout-flex wp-block-gallery-is-layout-flex">
<figure data-spectra-id="spectra-7f485fcd-8740-435c-8cb5-175d6058045a" class="wp-block-image size-large"><img loading="lazy" decoding="async" width="960" height="640" data-id="154" src="https://gieleo.bplaced.net/kroatien/wp-content/uploads/2025/12/GettyImages-1370335149_rs.webp" alt="" class="wp-image-154" srcset="https://gieleo.bplaced.net/kroatien/wp-content/uploads/2025/12/GettyImages-1370335149_rs.webp 960w, https://gieleo.bplaced.net/kroatien/wp-content/uploads/2025/12/GettyImages-1370335149_rs-300x200.webp 300w, https://gieleo.bplaced.net/kroatien/wp-content/uploads/2025/12/GettyImages-1370335149_rs-768x512.webp 768w" sizes="auto, (max-width: 960px) 100vw, 960px" /></figure>
</figure>
</div></div>



<div class="wp-block-buttons is-layout-flex wp-block-buttons-is-layout-flex">
<div class="wp-block-button"><a class="wp-block-button__link wp-element-button" href="https://de.wikipedia.org/wiki/Istrien" target="_blank" rel="noreferrer noopener nofollow">Istrien</a></div>
</div>
</div>
</div></div>



<p></p>

<p>Willkommen bei meiner Seite über Istrien Istrien – Mediterraner Charme an der Adria Istrien ist eine Halbinsel im Norden Kroatiens und zählt zu den beliebtesten Urlaubsregionen an der Adria. Die Region verbindet mediterranes Lebensgefühl mit einer reichen Geschichte, beeindruckender Natur und einer vielseitigen Küche. Landschaft &amp; Natur Die Küste Istriens ist geprägt von kristallklarem Wasser, [&hellip;]</p>

Willkommen bei meiner Seite über Istrien Istrien – Mediterraner Charme an der Adria Istrien ist eine Halbinsel im Norden Kroatiens und zählt zu den beliebtesten Urlaubsregionen an der Adria. Die Region verbindet mediterranes Lebensgefühl mit einer reichen Geschichte, beeindruckender Natur und einer vielseitigen Küche. Landschaft &amp; Natur Die Küste Istriens ist geprägt von kristallklarem Wasser,&hellip;
